36. List the prime factors of f.
2
Suppose -4*l + 347 = q - 109, 3*l - 4*q = 361. What are the prime factors of l?
5, 23
Let r = -1 - -14. Let t(w) = -w**3 - w**2 + w. Let l be t(-2). Suppose 3*x + r = 3*c + l*c, -33 = -2*x - 5*c. List the prime factors of x.
2
Suppose -2*l + 83 + 1 = 3*o, -3*o + 87 = 3*l. List the prime factors of o.
2, 13
Let m(i) = -5*i**2 + 6*i - 10. Let c(q) = -q**2 - 1. Let f(n) = 4*c(n) - m(n). What are the prime factors of f(7)?
13
Let s(y) = -1 + 4 + 0 - 3*y + 1. Let m(c) = -c**2 + 4*c. Let f be m(5). What are the prime factors of s(f)?
19
Suppose z = -0 + 10. What are the prime factors of z?
2, 5
Let u(t) = -t**3 - t**2 + 1. Let n be u(-2). Let s = n - 2. Suppose 20 = s*x + x. List the prime factors of x.
5
Let c(j) = -2*j - 2*j**3 + j**3 - 2*j**2 - 7*j**2 + 10 + 12*j. What are the prime factors of c(-10)?
2, 5
Let m be (-2)/4 - 6/4. Let n = m + 5. List the prime factors of n.
3
Suppose -5*m - 23 = -2*u + 246, 4*m - 496 = -4*u. What are the prime factors of u?
127
Let y be (-8)/12 + (-34)/(-6). Let c = y + -3. Suppose 5*l - l - 3*n = 25, c*l - n = 13. List the prime factors of l.
7
Suppose -2*c - 38 = 3*g, 4*c - g = c - 46. Let u = -1 - c. List the prime factors of u.
3, 5
Suppose -q + 0*q + c = 1, 5*c + 13 = -q. List the prime factors of -1 - (2 + 33/q).
2
Let t(u) = 1 - 8*u - 4 + 0. What are the prime factors of t(-2)?
13
Let o(a) = a**2 - 5*a - 3. Let n be o(8). Let f = -30 + 42. Let g = n - f. List the prime factors of g.
3
Suppose -5*v + 3*w = -85, 2*w + 12 - 42 = -v. Suppose -t + v = -2*t. Let o = -14 - t. List the prime factors of o.
2, 3
Let f be (8 - 10)/(2/15). List the prime factors of (-2)/3*f*2.
2, 5
Suppose -g = -16 - 18. Suppose -g = -3*c + 14. What are the prime factors of c?
2
Suppose 0 = g - i - 32, 4*i - 24 = 2*g - 88. Let y = g + -14. List the prime factors of y.
2, 3
Let p(v) = -v + 4. Let t be p(2). Suppose 12 + 0 = t*k. Suppose -c - 70 = -k*c. What are the prime factors of c?
2, 7
Let y(a) = 5*a + 1. Let o be y(-1). Let f = o - 1. Let p(d) = -d**3 - 5*d**2 - 2*d + 1. What are the prime factors of p(f)?
11
Let w(v) = 12*v - 14. Let f(j) = j - 1. Let n(b) = 10*f(b) - w(b). Let h be n(-4). What are the prime factors of (4/(-6))/((-2)/h)?
2
Let o = -66 - -71. List the prime factors of o.
5
Suppose -4*l + 24 + 120 = 0. Let p = l + -24. List the prime factors of p.
2, 3
Let q(u) = 3*u - 8. Let o be q(8). Let x = o + 13. What are the prime factors of x?
29
Suppose 0 = 3*i - 59 + 14. What are the prime factors of (18/i)/((-4)/(-20))?
2, 3
Let g = 14 + -10. Suppose g*v = v - 12. Let k = -1 - v. What are the prime factors of k?
3
What are the prime factors of (1/2)/(6*5/17880)?
2, 149
Let z = -9 + 13. Let o = z + -1. Suppose 3*i + o*r - 14 - 19 = 0, 0 = 5*i + 2*r - 61. What are the prime factors of i?
13
Let y(m) = -5*m - 1. Let a be y(-1). Suppose -3*q - 3*h + 12 = -6, 4*q - a*h = 16. List the prime factors of 22/2 - (4 - q).
2, 3
Suppose -u = -82 - 82. What are the prime factors of u?
2, 41
Let y be (0 + 1)*(-6)/2. Let s = y + 14. What are the prime factors of s?
11
Let i(b) = 3*b**2 + 180. What are the prime factors of i(0)?
2, 3, 5
Let l = 22 - -162. List the prime factors of l.
2, 23
Let q(f) = 5*f**2 - 3*f + 3. Suppose -5*v + a + 11 = 0, -3 = -5*v - 3*a + 4. What are the prime factors of q(v)?
17
Suppose 0 = -3*d - d. List the prime factors of (d - -1)*(3 + 9).
2, 3
List the prime factors of 139 - (2 + -7 - -4).
2, 5, 7
Let t(p) = -4*p + 12. What are the prime factors of t(0)?
2, 3
Suppose 4*r = 3*r + 2. Suppose 110 = 2*z - o, 11 = -5*z - r*o + 268. List the prime factors of z.
53
Let b(a) = a + 4. Let c be b(-3). Suppose 0*t - 2*t = -8. Suppose t*p - 29 + c = 0. List the prime factors of p.
7
Let m(u) = 8*u**2 - 2*u - 3. List the prime factors of m(-2).
3, 11
Let o(l) = -l**2 + 10*l - 12. Let t be o(8). Let w(h) = 3*h + 5. What are the prime factors of w(t)?
17
Let f = 13 + -9. Suppose 3*x - 167 = -3*q - 47, -f*q + 2*x = -130. Let m = q + -20. What are the prime factors of m?
3, 5
Suppose f = -4*y + 5*f + 88, -y = 4*f - 42. List the prime factors of y.
2, 13
Let y be (-395)/(-6) - (-2)/12. Let m be y/14 - (-10)/35. Suppose t - 4 = 2*u - 27, -5*t = -m*u + 50. What are the prime factors of u?
13
Let u(r) = -25*r**2 - 2*r + 1. Let y be u(1). Let k = -9 - y. List the prime factors of k.
17
Suppose 0*f + 12 = 3*f - 3*w, -3*w + 3 = 2*f. Let a(o) = o + o + f*o + 3*o. List the prime factors of a(2).
2
Suppose 4*m - 5*v = 167, -2*m - 3*v = 2*m - 143. List the prime factors of m.
2, 19
Let m(l) = -l**2 + 2*l + 2. Let b be m(3). Let x be b + -1 + 1 + 1. Suppose x = c + 1, 2*c - 6*c - 34 = -5*k. What are the prime factors of k?
2, 3
Suppose 4*t - 5*t - 4*d + 14 = 0, 3*d - 13 = -2*t. Suppose 88 - 12 = t*g. What are the prime factors of g?
2, 19
Suppose 0 = -9*h + 14*h - 15. List the prime factors of h.
3
Suppose 0 = r - 6 - 7. What are the prime factors of r?
13
Suppose -11 = -3*p + 40. What are the prime factors of p?
17
Suppose -j = -4*c - 10, -j + 2*c + 10 = 2*j. Let y(a) = 4*a**3 + 2*a**2 - 3*a**2 + 2*a**3 - 5*a**3. List the prime factors of y(j).
2
Suppose 3*y + 4 = -2*t, -5*y + 8 = -3*t - 17. Let a(f) = f**2 + 4*f - 2. List the prime factors of a(t).
3
Suppose 3*p - 6 = -2*b, 5*p - b - 29 = 2*b. Suppose -11 - 9 = -p*g. List the prime factors of g.
5
Let w be (-56)/(-6) - (-1)/(-3). Suppose 4*n - 6 = -5*u - 26, u + 4 = 3*n. Let h = u + w. What are the prime factors of h?
5
Suppose 0 = z + 10*z - 1408. List the prime factors of z.
2
Let r = -77 - -284. List the prime factors of r.
3, 23
Let g = -97 - -228. What are the prime factors of g?
131
Let j(a) = a**2 - 2*a - 1. Suppose 5*o = -3*y, -2*o = y - 5*y - 26. Let z be j(o). Let s = 9 - z. What are the prime factors of s?
7
Suppose -1 + 13 = 4*w. Suppose -s = 3*z - 18, 3*z = 2*s + w*s - 162. Suppose 3*j - 3*c = 2*c - 14, 5*c = -5*j + s. What are the prime factors of j?
2
Let u = 18 - 14. Suppose -f + 16 = -5*h, -h + 53 = 2*f - u*h. List the prime factors of f.
31
Let p(b) = -b**2 - 5*b - 4. Let h be p(-4). Suppose 0 = 2*l - h - 4. Let c = l - -14. List the prime factors of c.
2
Let u be (-28)/16 + 1/(-4). List the prime factors of -1 + 0 - -37 - u.
2, 19
Suppose 2*k = -2*k - 8. Let p be 666/(-12)*k/3. Suppose 2*m - 4*u = -3*m + p, -2*m - 3*u + 1 = 0. List the prime factors of m.
5
Let t(g) = -g**2 + 6*g - 2. Suppose 0*k - 10 = -2*k. Let y be t(k). Suppose 0 = y*h - 25 + 1. List the prime factors of h.
2
Let y = -12 + 22. What are the prime factors of (y/(-6))/((-1)/3)?
5
Let w(j) = -j**3 - 4*j**2 + j + 11. What are the prime factors of w(-5)?
31
Let o be (-3 - (-10)/3)*63. Let a = 9 + o. What are the prime factors of a?
2, 3, 5
Suppose -143 = -3*b + 4*l, -l - 200 = -4*b - 5*l. List the prime factors of b.
7
List the prime factors of 4/(32/92)*6.
3, 23
Let x(a) = a**3 + 10*a**2 + 11. Let q be x(-9). Let w = q + -54. What are the prime factors of w?
2, 19
Let m be (-1*10)/((-10)/15). Suppose 0 = -2*i - 5*l + 33, -4*i - i + l = -m. Suppose -136 = -5*q + 2*r - 46, -4*q = i*r - 44. List the prime factors of q.
2
Let y = 122 - 37. Suppose 0 = -z - 33 + y. Suppose -17 = 3*o + 2*s - z, -o + 5*s + 6 = 0. List the prime factors of o.
11
Suppose -a - 25 = -5*p - 6*a, 3*a + 13 = p. What are the prime factors of p?
7
Let r be ((-2)/4)/((-2)/(-24)). List the prime factors of (r/8)/(2/(-72)).
3
Let f(w) = w**2 - 16*w - 45. What are the prime factors of f(30)?
3, 5
Suppose 4*n + 99 = -4*a + 555, -3*n + 5*a = -366. List the prime factors of n.
3, 13
Let y = -2 + 2. Let b = 1 - -20. Suppose -3*z + 6*z - b = y. List the prime factors of z.
7
Suppose 0*b - 5*b = 0. Suppose c - 2*c + 3*p - 14 = b, 0 = c + p - 6. Suppose -5*a - c = -41. What are the prime factors of a?
2
Suppose 5*k + 2 = 17. Suppose -k*c = -6, 0*y - 3*c = y - 18. Let l = 1 + y. What are the prime factors of l?
13
Let q(i) = 2*i**2 + 5*i + 2. What are the prime factors of q(-4)?
2, 7
Let m be (2/3)/(12/90). Suppose -l - 5*f = -3 - 9, m*l + f = 180. List the prime factors of l.
37
Let w = -4 - -6. Suppose -3*i - w*i = 10. Let q = i + 9. List the prime factors of q.
7
What are the prime factors of (-836)/(-10) + -2 + 28/20?
83
Let y = 5 - -1. Suppose 22 = 2*d - 4*j - 106, -4*j = 5*d - 292. Suppose -p = -y*p +